t is the remainder when 381 is divided by 121?
18
What is the remainder when 3401 is divided by 74?
71
Calculate the remainder when 1001 is divided by 113.
97
What is the remainder when 30 is divided by 16?
14
Calculate the remainder when 127 is divided by 34.
25
What is the remainder when 1358 is divided by 20?
18
What is the remainder when 176 is divided by 83?
10
Calculate the remainder when 306 is divided by 11.
9
What is the remainder when 113 is divided by 48?
17
Calculate the remainder when 854 is divided by 67.
50
What is the remainder when 235 is divided by 8?
3
What is the remainder when 104 is divided by 45?
14
What is the remainder when 152 is divided by 11?
9
What is the remainder when 105 is divided by 32?
9
What is the remainder when 404 is divided by 15?
14
What is the remainder when 243 is divided by 42?
33
What is the remainder when 236 is divided by 19?
8
Calculate the remainder when 244 is divided by 114.
16
Calculate the remainder when 122 is divided by 29.
6
What is the remainder when 149 is divided by 38?
35
Calculate the remainder when 2034 is divided by 128.
114
Calculate the remainder when 158 is divided by 16.
14
What is the remainder when 422 is divided by 82?
12
Calculate the remainder when 74 is divided by 19.
17
What is the remainder when 141 is divided by 21?
15
Calculate the remainder when 1077 is divided by 47.
43
Calculate the remainder when 61 is divided by 21.
19
Calculate the remainder when 168 is divided by 83.
2
Calculate the remainder when 501 is divided by 24.
21
Calculate the remainder when 210 is divided by 43.
38
Calculate the remainder when 3584 is divided by 224.
0
What is the remainder when 1377 is divided by 60?
57
What is the remainder when 441 is divided by 37?
34
What is the remainder when 586 is divided by 134?
50
What is the remainder when 2816 is divided by 931?
23
Calculate the remainder when 208 is divided by 8.
0
What is the remainder when 68 is divided by 41?
27
What is the remainder when 182 is divided by 60?
2
Calculate the remainder when 197 is divided by 40.
37
What is the remainder when 200 is divided by 17?
13
Calculate the remainder when 843 is divided by 35.
3
Calculate the remainder when 1039 is divided by 10.
9
What is the remainder when 1900 is divided by 7?
3
Calculate the remainder when 56 is divided by 31.
25
Calculate the remainder when 14424 is divided by 21.
18
What is the remainder when 1860 is divided by 69?
66
What is the remainder when 193 is divided by 34?
23
Calculate the remainder when 271 is divided by 71.
58
Calculate the remainder when 1202 is divided by 33.
14
Calculate the remainder when 1092 is divided by 222.
204
What is the remainder when 44 is divided by 12?
8
Calculate the remainder when 584 is divided by 98.
94
Calculate the remainder when 43 is divided by 38.
5
What is the remainder when 30 is divided by 22?
8
Calculate the remainder when 126 is divided by 47.
32
Calculate the remainder when 726 is divided by 124.
106
Calculate the remainder when 701 is divided by 64.
61
What is the remainder when 2809 is divided by 88?
81
Calculate the remainder when 4651 is divided by 290.
11
Calculate the remainder when 1330 is divided by 1220.
110
Calculate the remainder when 550 is divided by 79.
76
Calculate the remainder when 12 is divided by 1.
0
Calculate the remainder when 102 is divided by 15.
12
What is the remainder when 177 is divided by 60?
57
What is the remainder when 388 is divided by 22?
14
Calculate the remainder when 2715 is divided by 143.
141
Calculate the remainder when 59 is divided by 48.
11
What is the remainder when 30293 is divided by 17?
16
Calculate the remainder when 1681 is divided by 99.
97
Calculate the remainder when 7623 is divided by 109.
102
Calculate the remainder when 284 is divided by 77.
53
Calculate the remainder when 155 is divided by 17.
2
What is the remainder when 139 is divided by 23?
1
What is the remainder when 435 is divided by 394?
41
What is the remainder when 165 is divided by 21?
18
What is the remainder when 567 is divided by 23?
15
Calculate the remainder when 79 is divided by 45.
34
What is the remainder when 984 is divided by 198?
192
What is the remainder when 3269 is divided by 15?
14
What is the remainder when 3938 is divided by 127?
1
What is the remainder when 68 is divided by 37?
31
Calculate the remainder when 20 is divided by 11.
9
What is the remainder when 1668 is divided by 1655?
13
Calculate the remainder when 3035 is divided by 19.
14
Calculate the remainder when 56 is divided by 16.
8
Calculate the remainder when 124 is divided by 15.
4
Calculate the remainder when 3969 is divided by 24.
9
Calculate the remainder when 251 is divided by 69.
44
What is the remainder when 3693 is divided by 9?
3
Calculate the remainder when 349 is divided by 33.
19
What is the remainder when 190 is divided by 48?
46
Calculate the remainder when 590 is divided by 576.
14
What is the remainder when 173 is divided by 60?
53
Calculate the remainder when 500 is divided by 66.
38
Calculate the remainder when 180 is divided by 37.
32
What is the remainder when 442 is divided by 119?
85
What is the remainder when 1780 is divided by 51?
46
What is the remainder when 259 is divided by 65?
64
What is the remainder when 166 is divided by 20?
6
What is the remainder when 107 is divided by 10?
7
Calculate the remainder when 312 is divided by 53.
47
Calculate the remainder when 820 is divided by 137.
135
Calculate the remainder when 123 is divided by 55.
13
What is the remainder when 3687 is divided by 71?
66
What is the remainder when 172 is divided by 30?
22
What is the remainder when 296 is divided by 48?
8
Calculate the remainder when 161 is divided by 17.
8
What is the remainder when 390 is divided by 4?
2
Calculate the remainder when 2527 is divided by 55.
52
Calculate the remainder when 74 is divided by 55.
19
What is the remainder when 221 is divided by 56?
53
What is the remainder when 382 is divided by 96?
94
Calculate the remainder when 342 is divided by 116.
110
What is the remainder when 73 is divided by 46?
27
Calculate the remainder when 136 is divided by 6.
4
Calculate the remainder when 1081 is divided by 357.
10
What is the remainder when 101 is divided by 6?
5
Calculate the remainder when 231 is divided by 115.
1
Calculate the remainder when 752 is divided by 27.
23
What is the remainder when 63 is divided by 23?
17
Calculate the remainder when 453 is divided by 33.
24
Calculate the remainder when 1628 is divided by 541.
5
What is the remainder when 142 is divided by 90?
52
Calculate the remainder when 568 is divided by 114.
112
Calculate the remainder when 921 is divided by 33.
30
Calculate the remainder when 281 is divided by 3.
2
What is the remainder when 164 is divided by 9?
2
What is the remainder when 214 is divided by 212?
2
What is the remainder when 483 is divided by 86?
53
What is the remainder when 6694 is divided by 18?
16
What is the remainder when 153 is divided by 73?
7
What is the remainder when 2238 is divided by 27?
24
Calculate the remainder when 220 is divided by 108.
4
What is the remainder when 398 is divided by 156?
86
What is the remainder when 943 is divided by 313?
4
Calculate the remainder when 28 is divided by 28.
0
Calculate the remainder when 119 is divided by 101.
18
Calculate the remainder when 730 is divided by 37.
27
What is the remainder when 394 is divided by 44?
42
What is the remainder when 179 is divided by 9?
8
What is the remainder when 7716 is divided by 63?
30
What is the remainder when 87 is divided by 10?
7
Calculate the remainder when 5983 is divided by 15.
13
What is the remainder when 1055 is divided by 177?
170
Calculate the remainder when 2822 is divided by 202.
196
Calculate the remainder when 130 is divided by 29.
14
Calculate the remainder when 77 is divided by 16.
13
Calculate the remainder when 1826 is divided by 87.
86
Calculate the remainder when 369 is divided by 25.
19
Calculate the remainder when 135 is divided by 50.
35
Calculate the remainder when 162 is divided by 55.
52
What is the remainder when 4884 is divided by 31?
17
What is the remainder when 421 is divided by 63?
43
Calculate the remainder when 498 is divided by 42.
36
Calculate the r